{"id":17,"date":"2013-04-06T17:26:59","date_gmt":"2013-04-06T15:26:59","guid":{"rendered":"http:\/\/das-stille-woertchen.de\/wordpress\/?page_id=17"},"modified":"2025-01-10T08:19:55","modified_gmt":"2025-01-10T06:19:55","slug":"homepage","status":"publish","type":"page","link":"https:\/\/das-stille-woertchen.de\/","title":{"rendered":"\u00dcber uns"},"content":{"rendered":"<p>Wir \u2013 Alma (links) und Lila (rechts) &#8211; lebten lange Jahre (ehe wir als gl\u00fcckliche, graue Schnauzen gestorben sind) mit der Kinderbuchautorin, Tierfreundin und Gem\u00fcsetante <a href=\"http:\/\/www.judithallert.de\" target=\"_blank\" rel=\"noopener\">Judith Allert<\/a>, ihrem Mann Steffen, den Wollschweinherren Kr\u00fcmel und Fussel und den Pferden Pippilotta, Sue und Sancho, den Katzen Molly und Sticky, unserem Hundekumpel Johnny sowie so einigen Gackerdamen und -herren auf dem stillen \u00d6rtchen &#8211; auch &#8222;Gut Pusteblume&#8220; genannt. Gemeint ist unser alter Bauernhof in der oberfr\u00e4nkischen Pampa.<br \/>\nAuf dieser Seite habt ihr einen tierisch-tollen Einblick in ein niemals langweiliges Landei-Leben.<br \/>\n(Und auch wenn wir zwei Hundedamen nicht mehr k\u00f6rperlich anwesend sind &#8211; in den Herzen der menschlichen Zweibeiner sind wir auf Schritt und Tritt dabei!)<\/p>\n<p>Wenn ihr \u00a0\u00d6RTCHEN anklickt, erfahrt ihr, was rund auf und rund um Gut Pusteblume geboten ist: Exklusives aus dem Selbstversorger-Gem\u00fcsegarten und Brandhei\u00dfes \u00fcber uns, die R\u00fcsselviecher, die Gackerdamen und -herren, die Maunzmadames und die Hufgetiere.<\/p>\n<p>Unter W\u00d6RTCHEN findet ihr Kunterbuntes \u00fcber Judiths Kinderbuch-Schreiberei.<\/p>\n<p style=\"text-align: left;\">Und wer Gut Pusteblume mal (fast) live sehen m\u00f6chte &#8211; hier geht&#8217;s zum Making Of von Kr\u00fcmel und Fussels erstem Bilderbuch! Das Filmchen ist zwar ein bisschen, genau wie die Bewohner und Bewohnerinnen des Hofs, in die Jahre gekommen &#8211; aber trotzdem noch sehr sehenswert! \ud83d\ude42<\/p>\n<p><iframe loading=\"lazy\" src=\"https:\/\/www.youtube.com\/embed\/9ILGOyhBE6o\" width=\"640\" height=\"360\" frameborder=\"0\" allowfullscreen=\"allowfullscreen\"><\/iframe><\/p>\n","protected":false},"excerpt":{"rendered":"<p>Wir \u2013 Alma (links) und Lila (rechts) &#8211; lebten lange Jahre (ehe wir als gl\u00fcckliche, graue Schnauzen gestorben sind) mit der Kinderbuchautorin, Tierfreundin und Gem\u00fcsetante Judith Allert, ihrem Mann Steffen, den Wollschweinherren Kr\u00fcmel und Fussel und den Pferden Pippilotta, Sue &hellip; <a href=\"https:\/\/das-stille-woertchen.de\/\">Weiterlesen <span class=\"meta-nav\">&rarr;<\/span><\/a><\/p>\n","protected":false},"author":2,"featured_media":0,"parent":0,"menu_order":0,"comment_status":"closed","ping_status":"closed","template":"onecolumn-page.php","meta":{"footnotes":""},"class_list":["post-17","page","type-page","status-publish","hentry"],"_links":{"self":[{"href":"https:\/\/das-stille-woertchen.de\/index.php\/wp-json\/wp\/v2\/pages\/17","targetHints":{"allow":["GET"]}}],"collection":[{"href":"https:\/\/das-stille-woertchen.de\/index.php\/wp-json\/wp\/v2\/pages"}],"about":[{"href":"https:\/\/das-stille-woertchen.de\/index.php\/wp-json\/wp\/v2\/types\/page"}],"author":[{"embeddable":true,"href":"https:\/\/das-stille-woertchen.de\/index.php\/wp-json\/wp\/v2\/users\/2"}],"replies":[{"embeddable":true,"href":"https:\/\/das-stille-woertchen.de\/index.php\/wp-json\/wp\/v2\/comments?post=17"}],"version-history":[{"count":51,"href":"https:\/\/das-stille-woertchen.de\/index.php\/wp-json\/wp\/v2\/pages\/17\/revisions"}],"predecessor-version":[{"id":6741,"href":"https:\/\/das-stille-woertchen.de\/index.php\/wp-json\/wp\/v2\/pages\/17\/revisions\/6741"}],"wp:attachment":[{"href":"https:\/\/das-stille-woertchen.de\/index.php\/wp-json\/wp\/v2\/media?parent=17"}],"curies":[{"name":"wp","href":"https:\/\/api.w.org\/{rel}","templated":true}]}}

Über uns

<p>Wir – Alma (links) und Lila (rechts) &#8211; lebten lange Jahre (ehe wir als glückliche, graue Schnauzen gestorben sind) mit der Kinderbuchautorin, Tierfreundin und Gemüsetante <a href="http://www.judithallert.de" target="_blank" rel="noopener">Judith Allert</a>, ihrem Mann Steffen, den Wollschweinherren Krümel und Fussel und den Pferden Pippilotta, Sue und Sancho, den Katzen Molly und Sticky, unserem Hundekumpel Johnny sowie so einigen Gackerdamen und -herren auf dem stillen Örtchen &#8211; auch &#8222;Gut Pusteblume&#8220; genannt. Gemeint ist unser alter Bauernhof in der oberfränkischen Pampa.<br />
Auf dieser Seite habt ihr einen tierisch-tollen Einblick in ein niemals langweiliges Landei-Leben.<br />
(Und auch wenn wir zwei Hundedamen nicht mehr körperlich anwesend sind &#8211; in den Herzen der menschlichen Zweibeiner sind wir auf Schritt und Tritt dabei!)</p>
<p>Wenn ihr  ÖRTCHEN anklickt, erfahrt ihr, was rund auf und rund um Gut Pusteblume geboten ist: Exklusives aus dem Selbstversorger-Gemüsegarten und Brandheißes über uns, die Rüsselviecher, die Gackerdamen und -herren, die Maunzmadames und die Hufgetiere.</p>
<p>Unter WÖRTCHEN findet ihr Kunterbuntes über Judiths Kinderbuch-Schreiberei.</p>
<p style="text-align: left;">Und wer Gut Pusteblume mal (fast) live sehen möchte &#8211; hier geht&#8217;s zum Making Of von Krümel und Fussels erstem Bilderbuch! Das Filmchen ist zwar ein bisschen, genau wie die Bewohner und Bewohnerinnen des Hofs, in die Jahre gekommen &#8211; aber trotzdem noch sehr sehenswert! 🙂</p>
<p><iframe loading="lazy" src="https://www.youtube.com/embed/9ILGOyhBE6o" width="640" height="360" frameborder="0" allowfullscreen="allowfullscreen"></iframe></p>

<p>Wir – Alma (links) und Lila (rechts) &#8211; lebten lange Jahre (ehe wir als glückliche, graue Schnauzen gestorben sind) mit der Kinderbuchautorin, Tierfreundin und Gemüsetante Judith Allert, ihrem Mann Steffen, den Wollschweinherren Krümel und Fussel und den Pferden Pippilotta, Sue &hellip; <a href="https://das-stille-woertchen.de/">Weiterlesen <span class="meta-nav">&rarr;</span></a></p>
